{"id":489,"date":"2022-11-28T16:22:25","date_gmt":"2022-11-28T16:22:25","guid":{"rendered":"https:\/\/omestudios.pt\/?page_id=489"},"modified":"2023-03-20T00:08:09","modified_gmt":"2023-03-20T00:08:09","slug":"contactos","status":"publish","type":"page","link":"https:\/\/omestudios.pt\/?page_id=489","title":{"rendered":"Contactos"},"content":{"rendered":"\n<p><\/p>\n\n\n\n<div class=\"wp-block-columns is-layout-flex wp-container-core-columns-is-layout-9d6595d7 wp-block-columns-is-layout-flex\">\n<div class=\"wp-block-column is-layout-flow wp-block-column-is-layout-flow\">\n<p>Rua do Calv\u00e1rio n\u00ba19<\/p>\n\n\n\n<p>3750-815 Valongo do Vouga<\/p>\n\n\n\n<p>\u00c1gueda<\/p>\n<\/div>\n\n\n\n<div class=\"wp-block-column is-layout-flow wp-block-column-is-layout-flow\">\n<p><strong>Tel. (+351) 234 060 770<\/strong> (custo de chamada para a rede fixa nacional de acordo com o seu tarif\u00e1rio)<\/p>\n\n\n\n<p>e-mail: geral@omestudios.pt<\/p>\n<\/div>\n<\/div>\n\n\n\n<div style=\"height:19px\" aria-hidden=\"true\" class=\"wp-block-spacer\"><\/div>\n\n\n\t\t<div\n            id=\"wpmapblock_cae8472d\"\n            data-settings='{&quot;map_marker&quot;:[{&quot;lat&quot;:&quot;40.6302798745589&quot;,&quot;lng&quot;:&quot;-8.436512032907654&quot;,&quot;title&quot;:&quot;OM Est\\u00fadios&quot;,&quot;content&quot;:&quot;OM Est\\u00fadios Portugal&quot;,&quot;iconType&quot;:&quot;default&quot;,&quot;customIconUrl&quot;:&quot;&quot;,&quot;customIconWidth&quot;:&quot;25&quot;,&quot;customIconHeight&quot;:&quot;40&quot;}],&quot;map_zoom&quot;:10,&quot;scroll_wheel_zoom&quot;:false,&quot;map_type&quot;:&quot;GM&quot;,&quot;center_index&quot;:0}'\n            class=\"wpmapblockrender\"\n            style=\"\n\t\t\twidth: 100%;\n\t\t\theight: 500px;\n\t\t\"\n            >\n        <\/div>\n        \n\n\n<div style=\"height:10px\" aria-hidden=\"true\" class=\"wp-block-spacer\"><\/div>\n\n\n\n<div\n\tclass=\"root-eb-wpforms-nd69pn1 wp-block-essential-blocks-wpforms\">\n\t<div class=\"eb-parent-eb-wpforms-nd69pn1  eb-parent-wrapper\">\n\t\t<div class=\"eb-wpforms-nd69pn1 eb-wpforms-wrapper\">\n\t\t\t<div class=\"wpforms-container wpforms-container-full\" id=\"wpforms-492\"><form id=\"wpforms-form-492\" class=\"wpforms-validate wpforms-form wpforms-ajax-form\" data-formid=\"492\" method=\"post\" enctype=\"multipart\/form-data\" action=\"\/index.php?rest_route=%2Fwp%2Fv2%2Fpages%2F489\" data-token=\"b9901c3beac283d5aaf48240660236c4\" data-token-time=\"1777605277\"><noscript class=\"wpforms-error-noscript\">Please enable JavaScript in your browser to complete this form.<\/noscript><div class=\"wpforms-field-container\"><div id=\"wpforms-492-field_2-container\" class=\"wpforms-field wpforms-field-text\" data-field-id=\"2\"><label class=\"wpforms-field-label\" for=\"wpforms-492-field_2\">Nome <span class=\"wpforms-required-label\">*<\/span><\/label><input type=\"text\" id=\"wpforms-492-field_2\" class=\"wpforms-field-medium wpforms-field-required\" name=\"wpforms[fields][2]\" required><div class=\"wpforms-field-description\">Indique o seu nome<\/div><\/div><div id=\"wpforms-492-field_3-container\" class=\"wpforms-field wpforms-field-text\" data-field-id=\"3\"><label class=\"wpforms-field-label\" for=\"wpforms-492-field_3\">Telf \/ Telm. <span class=\"wpforms-required-label\">*<\/span><\/label><input type=\"text\" id=\"wpforms-492-field_3\" class=\"wpforms-field-medium wpforms-field-required\" name=\"wpforms[fields][3]\" required><div class=\"wpforms-field-description\">Indique o seu n\u00famero de contacto<\/div><\/div><div id=\"wpforms-492-field_4-container\" class=\"wpforms-field wpforms-field-email\" data-field-id=\"4\"><label class=\"wpforms-field-label\" for=\"wpforms-492-field_4\">E-mail <span class=\"wpforms-required-label\">*<\/span><\/label><input type=\"email\" id=\"wpforms-492-field_4\" class=\"wpforms-field-medium wpforms-field-required\" name=\"wpforms[fields][4]\" spellcheck=\"false\" required><\/div><div id=\"wpforms-492-field_5-container\" class=\"wpforms-field wpforms-field-textarea\" data-field-id=\"5\"><label class=\"wpforms-field-label\" for=\"wpforms-492-field_5\">A sua mensagem <span class=\"wpforms-required-label\">*<\/span><\/label><textarea id=\"wpforms-492-field_5\" class=\"wpforms-field-medium wpforms-field-required\" name=\"wpforms[fields][5]\" required><\/textarea><\/div><\/div><!-- .wpforms-field-container --><div class=\"wpforms-submit-container\" ><input type=\"hidden\" name=\"wpforms[id]\" value=\"492\"><input type=\"hidden\" name=\"page_title\" value=\"\"><input type=\"hidden\" name=\"page_url\" value=\"https:\/\/omestudios.pt\/index.php?rest_route=\/wp\/v2\/pages\/489\"><input type=\"hidden\" name=\"url_referer\" value=\"\"><button type=\"submit\" name=\"wpforms[submit]\" id=\"wpforms-submit-492\" class=\"wpforms-submit\" data-alt-text=\"A Enviar...\" data-submit-text=\"Enviar\" aria-live=\"assertive\" value=\"wpforms-submit\">Enviar<\/button><img loading=\"lazy\" decoding=\"async\" src=\"https:\/\/omestudios.pt\/wp-content\/plugins\/wpforms-lite\/assets\/images\/submit-spin.svg\" class=\"wpforms-submit-spinner\" style=\"display: none;\" width=\"26\" height=\"26\" alt=\"Loading\"><\/div><\/form><\/div>  <!-- .wpforms-container -->\t\t<\/div>\n\t<\/div>\n<\/div>\n\n\n<div class=\"wp-block-image\">\n<figure class=\"aligncenter size-large is-resized\"><img loading=\"lazy\" decoding=\"async\" src=\"https:\/\/omestudios.pt\/wp-content\/uploads\/2022\/12\/FRESH-WEEK-LOGO-1024x838.png\" alt=\"\" class=\"wp-image-514\" width=\"249\" height=\"204\" srcset=\"https:\/\/omestudios.pt\/wp-content\/uploads\/2022\/12\/FRESH-WEEK-LOGO-1024x838.png 1024w, https:\/\/omestudios.pt\/wp-content\/uploads\/2022\/12\/FRESH-WEEK-LOGO-300x246.png 300w, https:\/\/omestudios.pt\/wp-content\/uploads\/2022\/12\/FRESH-WEEK-LOGO-768x629.png 768w, https:\/\/omestudios.pt\/wp-content\/uploads\/2022\/12\/FRESH-WEEK-LOGO-1536x1257.png 1536w, https:\/\/omestudios.pt\/wp-content\/uploads\/2022\/12\/FRESH-WEEK-LOGO-2048x1676.png 2048w\" sizes=\"auto, (max-width: 249px) 100vw, 249px\" \/><\/figure>\n<\/div>\n\n\n<p class=\"has-text-align-center\"><a>Rua do Calv\u00e1rio n\u00ba20 | Valongo do Vouga | 3750-815 \u00c1gueda<\/a><\/p>\n\n\n\n<p class=\"has-text-align-center\">e-mail: geral@freshweek.pt | hp: www.freshweek.pt<\/p>\n\n\n\n<p class=\"has-text-align-center\">NIF. 514&nbsp;116&nbsp;978<\/p>\n","protected":false},"excerpt":{"rendered":"<p>Rua do Calv\u00e1rio n\u00ba19 3750-815 Valongo do Vouga \u00c1gueda Tel. (+351) 234 060 770 (custo de chamada para a rede fixa nacional de acordo com o seu tarif\u00e1rio) e-mail: geral@omestudios.pt Rua do Calv\u00e1rio n\u00ba20 | Valongo do Vouga | 3750-815 \u00c1gueda e-mail: geral@freshweek.pt | hp: www.freshweek.pt NIF. 514&nbsp;116&nbsp;978<\/p>\n","protected":false},"author":1,"featured_media":0,"parent":0,"menu_order":0,"comment_status":"closed","ping_status":"closed","template":"","meta":{"_eb_attr":"","footnotes":""},"class_list":["post-489","page","type-page","status-publish","hentry"],"_links":{"self":[{"href":"https:\/\/omestudios.pt\/index.php?rest_route=\/wp\/v2\/pages\/489","targetHints":{"allow":["GET"]}}],"collection":[{"href":"https:\/\/omestudios.pt\/index.php?rest_route=\/wp\/v2\/pages"}],"about":[{"href":"https:\/\/omestudios.pt\/index.php?rest_route=\/wp\/v2\/types\/page"}],"author":[{"embeddable":true,"href":"https:\/\/omestudios.pt\/index.php?rest_route=\/wp\/v2\/users\/1"}],"replies":[{"embeddable":true,"href":"https:\/\/omestudios.pt\/index.php?rest_route=%2Fwp%2Fv2%2Fcomments&post=489"}],"version-history":[{"count":7,"href":"https:\/\/omestudios.pt\/index.php?rest_route=\/wp\/v2\/pages\/489\/revisions"}],"predecessor-version":[{"id":525,"href":"https:\/\/omestudios.pt\/index.php?rest_route=\/wp\/v2\/pages\/489\/revisions\/525"}],"wp:attachment":[{"href":"https:\/\/omestudios.pt\/index.php?rest_route=%2Fwp%2Fv2%2Fmedia&parent=489"}],"curies":[{"name":"wp","href":"https:\/\/api.w.org\/{rel}","templated":true}]}}