{"id":506,"date":"2022-12-25T20:44:50","date_gmt":"2022-12-25T20:44:50","guid":{"rendered":"https:\/\/omestudios.pt\/?page_id=506"},"modified":"2023-05-10T08:53:20","modified_gmt":"2023-05-10T08:53:20","slug":"videos","status":"publish","type":"page","link":"https:\/\/omestudios.pt\/?page_id=506","title":{"rendered":"V\u00eddeos"},"content":{"rendered":"\n<p class=\"has-text-align-center\">Conhe\u00e7a alguns dos nossos trabalhos realizados em v\u00eddeo, nas mais diversas \u00e1reas, seja musical, empresarial ou autarquica.<\/p>\n\n\n<div class=\"is-default-size aligncenter wp-block-site-logo\"><a href=\"https:\/\/omestudios.pt\/\" class=\"custom-logo-link\" rel=\"home\"><img loading=\"lazy\" decoding=\"async\" width=\"240\" height=\"48\" src=\"https:\/\/omestudios.pt\/wp-content\/uploads\/2021\/09\/cropped-cropped-OMNOVO.png\" class=\"custom-logo\" alt=\"OM EST\u00daDIOS\" \/><\/a><\/div>\n\n\n<p>Produ\u00e7\u00e3o integral do VideoClip &#8220;Caixa de Sapatos&#8221; da dupla Bek &amp; Dad para a editora Mundial<\/p>\n\n\n\n<figure class=\"wp-block-embed is-type-video is-provider-youtube wp-block-embed-youtube wp-embed-aspect-16-9 wp-has-aspect-ratio\"><div class=\"wp-block-embed__wrapper\">\n<iframe loading=\"lazy\" title=\"CAIXA DE SAPATOS - BEK E DAD\" width=\"1170\" height=\"658\" src=\"https:\/\/www.youtube.com\/embed\/jR4kHI-pKz8?feature=oembed\" frameborder=\"0\" allow=\"accelerometer; autoplay; clipboard-write; encrypted-media; gyroscope; picture-in-picture; web-share\" allowfullscreen><\/iframe>\n<\/div><\/figure>\n\n\n<div class=\"is-default-size aligncenter wp-block-site-logo\"><a href=\"https:\/\/omestudios.pt\/\" class=\"custom-logo-link\" rel=\"home\"><img loading=\"lazy\" decoding=\"async\" width=\"240\" height=\"48\" src=\"https:\/\/omestudios.pt\/wp-content\/uploads\/2021\/09\/cropped-cropped-OMNOVO.png\" class=\"custom-logo\" alt=\"OM EST\u00daDIOS\" \/><\/a><\/div>\n\n\n<p>Produ\u00e7\u00e3o integral do VideoClip &#8220;RUA&#8221; de M\u00e1rcio Conforti para a editora Mundial<\/p>\n\n\n\n<figure class=\"wp-block-embed is-type-video is-provider-youtube wp-block-embed-youtube wp-embed-aspect-16-9 wp-has-aspect-ratio\"><div class=\"wp-block-embed__wrapper\">\n<iframe loading=\"lazy\" title=\"M\u00e1rcio Conforti - RUA\" width=\"1170\" height=\"658\" src=\"https:\/\/www.youtube.com\/embed\/fgN6w6gLCKA?feature=oembed\" frameborder=\"0\" allow=\"accelerometer; autoplay; clipboard-write; encrypted-media; gyroscope; picture-in-picture; web-share\" allowfullscreen><\/iframe>\n<\/div><\/figure>\n\n\n<div class=\"is-default-size aligncenter wp-block-site-logo\"><a href=\"https:\/\/omestudios.pt\/\" class=\"custom-logo-link\" rel=\"home\"><img loading=\"lazy\" decoding=\"async\" width=\"240\" height=\"48\" src=\"https:\/\/omestudios.pt\/wp-content\/uploads\/2021\/09\/cropped-cropped-OMNOVO.png\" class=\"custom-logo\" alt=\"OM EST\u00daDIOS\" \/><\/a><\/div>\n\n\n<p>Produ\u00e7\u00e3o integral do VideoClip &#8220;Amanh\u00e3 Talvez&#8221; da dupla Bek &amp; Dad para a editora Mundial<\/p>\n\n\n\n<figure class=\"wp-block-embed is-type-video is-provider-youtube wp-block-embed-youtube wp-embed-aspect-16-9 wp-has-aspect-ratio\"><div class=\"wp-block-embed__wrapper\">\n<iframe loading=\"lazy\" title=\"AMANHA\u0303 TALVEZ  - BEK &amp; DAD\" width=\"1170\" height=\"658\" src=\"https:\/\/www.youtube.com\/embed\/3OwecLKgFKc?feature=oembed\" frameborder=\"0\" allow=\"accelerometer; autoplay; clipboard-write; encrypted-media; gyroscope; picture-in-picture; web-share\" allowfullscreen><\/iframe>\n<\/div><\/figure>\n\n\n<div class=\"is-default-size aligncenter wp-block-site-logo\"><a href=\"https:\/\/omestudios.pt\/\" class=\"custom-logo-link\" rel=\"home\"><img loading=\"lazy\" decoding=\"async\" width=\"240\" height=\"48\" src=\"https:\/\/omestudios.pt\/wp-content\/uploads\/2021\/09\/cropped-cropped-OMNOVO.png\" class=\"custom-logo\" alt=\"OM EST\u00daDIOS\" \/><\/a><\/div>\n\n\n<p>Produ\u00e7\u00e3o integral do VideoClip &#8220;D\u00ea replay no CD&#8221; de Juliana Valiati para a editora Mundial<\/p>\n\n\n\n<figure class=\"wp-block-embed is-type-video is-provider-youtube wp-block-embed-youtube wp-embed-aspect-16-9 wp-has-aspect-ratio\"><div class=\"wp-block-embed__wrapper\">\n<iframe loading=\"lazy\" title=\"DE\u0302 REPLAY NO CD - JULIANA VALIATI\" width=\"1170\" height=\"658\" src=\"https:\/\/www.youtube.com\/embed\/j71draQMHx4?feature=oembed\" frameborder=\"0\" allow=\"accelerometer; autoplay; clipboard-write; encrypted-media; gyroscope; picture-in-picture; web-share\" allowfullscreen><\/iframe>\n<\/div><\/figure>\n\n\n<div class=\"is-default-size aligncenter wp-block-site-logo\"><a href=\"https:\/\/omestudios.pt\/\" class=\"custom-logo-link\" rel=\"home\"><img loading=\"lazy\" decoding=\"async\" width=\"240\" height=\"48\" src=\"https:\/\/omestudios.pt\/wp-content\/uploads\/2021\/09\/cropped-cropped-OMNOVO.png\" class=\"custom-logo\" alt=\"OM EST\u00daDIOS\" \/><\/a><\/div>\n\n\n<p>Produ\u00e7\u00e3o integral do VideoClip &#8220;A\u00fan Te Extra\u00f1o&#8221; de C\u00e9sar Morkecho para a editora Mundial<\/p>\n\n\n\n<figure class=\"wp-block-embed is-type-video is-provider-youtube wp-block-embed-youtube wp-embed-aspect-16-9 wp-has-aspect-ratio\"><div class=\"wp-block-embed__wrapper\">\n<iframe loading=\"lazy\" title=\"C\u00e9sar Morkecho - A\u00fan Te Extra\u00f1o\" width=\"1170\" height=\"658\" src=\"https:\/\/www.youtube.com\/embed\/zS70HVO0Qdc?feature=oembed\" frameborder=\"0\" allow=\"accelerometer; autoplay; clipboard-write; encrypted-media; gyroscope; picture-in-picture; web-share\" allowfullscreen><\/iframe>\n<\/div><\/figure>\n\n\n<div class=\"is-default-size aligncenter wp-block-site-logo\"><a href=\"https:\/\/omestudios.pt\/\" class=\"custom-logo-link\" rel=\"home\"><img loading=\"lazy\" decoding=\"async\" width=\"240\" height=\"48\" src=\"https:\/\/omestudios.pt\/wp-content\/uploads\/2021\/09\/cropped-cropped-OMNOVO.png\" class=\"custom-logo\" alt=\"OM EST\u00daDIOS\" \/><\/a><\/div>\n\n\n<p>Produ\u00e7\u00e3o integral do VideoClip &#8220;Ol\u00e1&#8221; da artista B\u00e1rbara Oliveira para a editora Mundial.<\/p>\n\n\n\n<figure class=\"wp-block-embed is-type-video is-provider-youtube wp-block-embed-youtube wp-embed-aspect-16-9 wp-has-aspect-ratio\"><div class=\"wp-block-embed__wrapper\">\n<iframe loading=\"lazy\" title=\"BA\u0301RBARA OLIVEIRA &quot;OLA\u0301&quot;\" width=\"1170\" height=\"658\" src=\"https:\/\/www.youtube.com\/embed\/AkfsysTiGcY?feature=oembed\" frameborder=\"0\" allow=\"accelerometer; autoplay; clipboard-write; encrypted-media; gyroscope; picture-in-picture; web-share\" allowfullscreen><\/iframe>\n<\/div><\/figure>\n\n\n<div class=\"is-default-size aligncenter wp-block-site-logo\"><a href=\"https:\/\/omestudios.pt\/\" class=\"custom-logo-link\" rel=\"home\"><img loading=\"lazy\" decoding=\"async\" width=\"240\" height=\"48\" src=\"https:\/\/omestudios.pt\/wp-content\/uploads\/2021\/09\/cropped-cropped-OMNOVO.png\" class=\"custom-logo\" alt=\"OM EST\u00daDIOS\" \/><\/a><\/div>\n\n\n<p>Produ\u00e7\u00e3o integral do VideoClip (Como Descal\u00e7ar Essa Bota) da banda Bek e os Tioz\u00e3o para a editora Mundial<\/p>\n\n\n\n<figure class=\"wp-block-embed is-type-video is-provider-youtube wp-block-embed-youtube wp-embed-aspect-16-9 wp-has-aspect-ratio\"><div class=\"wp-block-embed__wrapper\">\n<iframe loading=\"lazy\" title=\"COMO DESCALC\u0327AR ESSA BOTA - BEK E OS TIOZ\u00c3O\" width=\"1170\" height=\"658\" src=\"https:\/\/www.youtube.com\/embed\/2QxZxxrZo9o?feature=oembed\" frameborder=\"0\" allow=\"accelerometer; autoplay; clipboard-write; encrypted-media; gyroscope; picture-in-picture; web-share\" allowfullscreen><\/iframe>\n<\/div><\/figure>\n\n\n<div class=\"is-default-size aligncenter wp-block-site-logo\"><a href=\"https:\/\/omestudios.pt\/\" class=\"custom-logo-link\" rel=\"home\"><img loading=\"lazy\" decoding=\"async\" width=\"240\" height=\"48\" src=\"https:\/\/omestudios.pt\/wp-content\/uploads\/2021\/09\/cropped-cropped-OMNOVO.png\" class=\"custom-logo\" alt=\"OM EST\u00daDIOS\" \/><\/a><\/div>\n\n\n<p>Produ\u00e7\u00e3o integral do VideoClip (Portugal na Primavera) para o artista Dinis Brites<\/p>\n\n\n\n<figure class=\"wp-block-embed is-type-video is-provider-youtube wp-block-embed-youtube wp-embed-aspect-16-9 wp-has-aspect-ratio\"><div class=\"wp-block-embed__wrapper\">\n<iframe loading=\"lazy\" title=\"Dinis Brites - Portugal Na Primavera\" width=\"1170\" height=\"658\" src=\"https:\/\/www.youtube.com\/embed\/weKOzVbiAP4?feature=oembed\" frameborder=\"0\" allow=\"accelerometer; autoplay; clipboard-write; encrypted-media; gyroscope; picture-in-picture; web-share\" allowfullscreen><\/iframe>\n<\/div><\/figure>\n\n\n<div class=\"is-default-size aligncenter wp-block-site-logo\"><a href=\"https:\/\/omestudios.pt\/\" class=\"custom-logo-link\" rel=\"home\"><img loading=\"lazy\" decoding=\"async\" width=\"240\" height=\"48\" src=\"https:\/\/omestudios.pt\/wp-content\/uploads\/2021\/09\/cropped-cropped-OMNOVO.png\" class=\"custom-logo\" alt=\"OM EST\u00daDIOS\" \/><\/a><\/div>\n\n\n<p>Produ\u00e7\u00e3o integral do VideoClip (Tua Luz Me Guia) para a artista Cl\u00e1udia Nayara para a editora Espacial \/ Layjan<\/p>\n\n\n\n<figure class=\"wp-block-embed is-type-video is-provider-youtube wp-block-embed-youtube wp-embed-aspect-16-9 wp-has-aspect-ratio\"><div class=\"wp-block-embed__wrapper\">\n<iframe loading=\"lazy\" title=\"Cl\u00e1udia Nayara - Tua luz me guia (Official video)\" width=\"1170\" height=\"658\" src=\"https:\/\/www.youtube.com\/embed\/UXO_cdig4So?feature=oembed\" frameborder=\"0\" allow=\"accelerometer; autoplay; clipboard-write; encrypted-media; gyroscope; picture-in-picture; web-share\" allowfullscreen><\/iframe>\n<\/div><\/figure>\n\n\n<div class=\"is-default-size aligncenter wp-block-site-logo\"><a href=\"https:\/\/omestudios.pt\/\" class=\"custom-logo-link\" rel=\"home\"><img loading=\"lazy\" decoding=\"async\" width=\"240\" height=\"48\" src=\"https:\/\/omestudios.pt\/wp-content\/uploads\/2021\/09\/cropped-cropped-OMNOVO.png\" class=\"custom-logo\" alt=\"OM EST\u00daDIOS\" \/><\/a><\/div>\n\n\n<p>Para o artista Dinis Brites, produ\u00e7\u00e3o integral do seu VideoClip de Natal (Tempo de Luz), gravado em Leiria.<\/p>\n\n\n\n<figure class=\"wp-block-embed is-type-video is-provider-youtube wp-block-embed-youtube wp-embed-aspect-16-9 wp-has-aspect-ratio\"><div class=\"wp-block-embed__wrapper\">\n<iframe loading=\"lazy\" title=\"Dinis Brites - Tempo de Luz\" width=\"1170\" height=\"658\" src=\"https:\/\/www.youtube.com\/embed\/0zGOlpAcEu8?feature=oembed\" frameborder=\"0\" allow=\"accelerometer; autoplay; clipboard-write; encrypted-media; gyroscope; picture-in-picture; web-share\" allowfullscreen><\/iframe>\n<\/div><\/figure>\n\n\n<div class=\"is-default-size aligncenter wp-block-site-logo\"><a href=\"https:\/\/omestudios.pt\/\" class=\"custom-logo-link\" rel=\"home\"><img loading=\"lazy\" decoding=\"async\" width=\"240\" height=\"48\" src=\"https:\/\/omestudios.pt\/wp-content\/uploads\/2021\/09\/cropped-cropped-OMNOVO.png\" class=\"custom-logo\" alt=\"OM EST\u00daDIOS\" \/><\/a><\/div>\n\n\n<p>Produ\u00e7\u00e3o integral do VideoClip (Leva-me Contigo) do artista Luis Gomez para a editora Espacial \/ Layjan<\/p>\n\n\n\n<figure class=\"wp-block-embed is-type-video is-provider-youtube wp-block-embed-youtube wp-embed-aspect-16-9 wp-has-aspect-ratio\"><div class=\"wp-block-embed__wrapper\">\n<iframe loading=\"lazy\" title=\"Lu\u00eds Gomez - Leva-me contigo (Official video)\" width=\"1170\" height=\"658\" src=\"https:\/\/www.youtube.com\/embed\/qWBhAWpbGEI?feature=oembed\" frameborder=\"0\" allow=\"accelerometer; autoplay; clipboard-write; encrypted-media; gyroscope; picture-in-picture; web-share\" allowfullscreen><\/iframe>\n<\/div><\/figure>\n","protected":false},"excerpt":{"rendered":"<p>Conhe\u00e7a alguns dos nossos trabalhos realizados em v\u00eddeo, nas mais diversas \u00e1reas, seja musical, empresarial ou autarquica. Produ\u00e7\u00e3o integral do VideoClip &#8220;Caixa de Sapatos&#8221; da dupla Bek &amp; Dad para a editora Mundial Produ\u00e7\u00e3o integral do VideoClip &#8220;RUA&#8221; de M\u00e1rcio Conforti para a editora Mundial Produ\u00e7\u00e3o integral do VideoClip &#8220;Amanh\u00e3 Talvez&#8221; da dupla Bek &amp; [&hellip;]<\/p>\n","protected":false},"author":1,"featured_media":0,"parent":0,"menu_order":0,"comment_status":"closed","ping_status":"closed","template":"","meta":{"_eb_attr":"","footnotes":""},"class_list":["post-506","page","type-page","status-publish","hentry"],"_links":{"self":[{"href":"https:\/\/omestudios.pt\/index.php?rest_route=\/wp\/v2\/pages\/506","targetHints":{"allow":["GET"]}}],"collection":[{"href":"https:\/\/omestudios.pt\/index.php?rest_route=\/wp\/v2\/pages"}],"about":[{"href":"https:\/\/omestudios.pt\/index.php?rest_route=\/wp\/v2\/types\/page"}],"author":[{"embeddable":true,"href":"https:\/\/omestudios.pt\/index.php?rest_route=\/wp\/v2\/users\/1"}],"replies":[{"embeddable":true,"href":"https:\/\/omestudios.pt\/index.php?rest_route=%2Fwp%2Fv2%2Fcomments&post=506"}],"version-history":[{"count":9,"href":"https:\/\/omestudios.pt\/index.php?rest_route=\/wp\/v2\/pages\/506\/revisions"}],"predecessor-version":[{"id":537,"href":"https:\/\/omestudios.pt\/index.php?rest_route=\/wp\/v2\/pages\/506\/revisions\/537"}],"wp:attachment":[{"href":"https:\/\/omestudios.pt\/index.php?rest_route=%2Fwp%2Fv2%2Fmedia&parent=506"}],"curies":[{"name":"wp","href":"https:\/\/api.w.org\/{rel}","templated":true}]}}

Vídeos

<p class="has-text-align-center">Conheça alguns dos nossos trabalhos realizados em vídeo, nas mais diversas áreas, seja musical, empresarial ou autarquica.</p>


<div class="is-default-size aligncenter wp-block-site-logo"><a href="https://omestudios.pt/" class="custom-logo-link" rel="home"><img loading="lazy" decoding="async" width="240" height="48" src="https://omestudios.pt/wp-content/uploads/2021/09/cropped-cropped-OMNOVO.png" class="custom-logo" alt="OM ESTÚDIOS" /></a></div>


<p>Produção integral do VideoClip &#8220;Caixa de Sapatos&#8221; da dupla Bek &amp; Dad para a editora Mundial</p>



<figure class="wp-block-embed is-type-video is-provider-youtube wp-block-embed-youtube wp-embed-aspect-16-9 wp-has-aspect-ratio"><div class="wp-block-embed__wrapper">
<iframe loading="lazy" title="CAIXA DE SAPATOS - BEK E DAD" width="1170" height="658" src="https://www.youtube.com/embed/jR4kHI-pKz8?feature=oembed" frameborder="0" allow="accelerometer; autoplay; clipboard-write; encrypted-media; gyroscope; picture-in-picture; web-share" allowfullscreen></iframe>
</div></figure>


<div class="is-default-size aligncenter wp-block-site-logo"><a href="https://omestudios.pt/" class="custom-logo-link" rel="home"><img loading="lazy" decoding="async" width="240" height="48" src="https://omestudios.pt/wp-content/uploads/2021/09/cropped-cropped-OMNOVO.png" class="custom-logo" alt="OM ESTÚDIOS" /></a></div>


<p>Produção integral do VideoClip &#8220;RUA&#8221; de Márcio Conforti para a editora Mundial</p>



<figure class="wp-block-embed is-type-video is-provider-youtube wp-block-embed-youtube wp-embed-aspect-16-9 wp-has-aspect-ratio"><div class="wp-block-embed__wrapper">
<iframe loading="lazy" title="Márcio Conforti - RUA" width="1170" height="658" src="https://www.youtube.com/embed/fgN6w6gLCKA?feature=oembed" frameborder="0" allow="accelerometer; autoplay; clipboard-write; encrypted-media; gyroscope; picture-in-picture; web-share" allowfullscreen></iframe>
</div></figure>


<div class="is-default-size aligncenter wp-block-site-logo"><a href="https://omestudios.pt/" class="custom-logo-link" rel="home"><img loading="lazy" decoding="async" width="240" height="48" src="https://omestudios.pt/wp-content/uploads/2021/09/cropped-cropped-OMNOVO.png" class="custom-logo" alt="OM ESTÚDIOS" /></a></div>


<p>Produção integral do VideoClip &#8220;Amanhã Talvez&#8221; da dupla Bek &amp; Dad para a editora Mundial</p>



<figure class="wp-block-embed is-type-video is-provider-youtube wp-block-embed-youtube wp-embed-aspect-16-9 wp-has-aspect-ratio"><div class="wp-block-embed__wrapper">
<iframe loading="lazy" title="AMANHÃ TALVEZ  - BEK &amp; DAD" width="1170" height="658" src="https://www.youtube.com/embed/3OwecLKgFKc?feature=oembed" frameborder="0" allow="accelerometer; autoplay; clipboard-write; encrypted-media; gyroscope; picture-in-picture; web-share" allowfullscreen></iframe>
</div></figure>


<div class="is-default-size aligncenter wp-block-site-logo"><a href="https://omestudios.pt/" class="custom-logo-link" rel="home"><img loading="lazy" decoding="async" width="240" height="48" src="https://omestudios.pt/wp-content/uploads/2021/09/cropped-cropped-OMNOVO.png" class="custom-logo" alt="OM ESTÚDIOS" /></a></div>


<p>Produção integral do VideoClip &#8220;Dê replay no CD&#8221; de Juliana Valiati para a editora Mundial</p>



<figure class="wp-block-embed is-type-video is-provider-youtube wp-block-embed-youtube wp-embed-aspect-16-9 wp-has-aspect-ratio"><div class="wp-block-embed__wrapper">
<iframe loading="lazy" title="DÊ REPLAY NO CD - JULIANA VALIATI" width="1170" height="658" src="https://www.youtube.com/embed/j71draQMHx4?feature=oembed" frameborder="0" allow="accelerometer; autoplay; clipboard-write; encrypted-media; gyroscope; picture-in-picture; web-share" allowfullscreen></iframe>
</div></figure>


<div class="is-default-size aligncenter wp-block-site-logo"><a href="https://omestudios.pt/" class="custom-logo-link" rel="home"><img loading="lazy" decoding="async" width="240" height="48" src="https://omestudios.pt/wp-content/uploads/2021/09/cropped-cropped-OMNOVO.png" class="custom-logo" alt="OM ESTÚDIOS" /></a></div>


<p>Produção integral do VideoClip &#8220;Aún Te Extraño&#8221; de César Morkecho para a editora Mundial</p>



<figure class="wp-block-embed is-type-video is-provider-youtube wp-block-embed-youtube wp-embed-aspect-16-9 wp-has-aspect-ratio"><div class="wp-block-embed__wrapper">
<iframe loading="lazy" title="César Morkecho - Aún Te Extraño" width="1170" height="658" src="https://www.youtube.com/embed/zS70HVO0Qdc?feature=oembed" frameborder="0" allow="accelerometer; autoplay; clipboard-write; encrypted-media; gyroscope; picture-in-picture; web-share" allowfullscreen></iframe>
</div></figure>


<div class="is-default-size aligncenter wp-block-site-logo"><a href="https://omestudios.pt/" class="custom-logo-link" rel="home"><img loading="lazy" decoding="async" width="240" height="48" src="https://omestudios.pt/wp-content/uploads/2021/09/cropped-cropped-OMNOVO.png" class="custom-logo" alt="OM ESTÚDIOS" /></a></div>


<p>Produção integral do VideoClip &#8220;Olá&#8221; da artista Bárbara Oliveira para a editora Mundial.</p>



<figure class="wp-block-embed is-type-video is-provider-youtube wp-block-embed-youtube wp-embed-aspect-16-9 wp-has-aspect-ratio"><div class="wp-block-embed__wrapper">
<iframe loading="lazy" title="BÁRBARA OLIVEIRA &quot;OLÁ&quot;" width="1170" height="658" src="https://www.youtube.com/embed/AkfsysTiGcY?feature=oembed" frameborder="0" allow="accelerometer; autoplay; clipboard-write; encrypted-media; gyroscope; picture-in-picture; web-share" allowfullscreen></iframe>
</div></figure>


<div class="is-default-size aligncenter wp-block-site-logo"><a href="https://omestudios.pt/" class="custom-logo-link" rel="home"><img loading="lazy" decoding="async" width="240" height="48" src="https://omestudios.pt/wp-content/uploads/2021/09/cropped-cropped-OMNOVO.png" class="custom-logo" alt="OM ESTÚDIOS" /></a></div>


<p>Produção integral do VideoClip (Como Descalçar Essa Bota) da banda Bek e os Tiozão para a editora Mundial</p>



<figure class="wp-block-embed is-type-video is-provider-youtube wp-block-embed-youtube wp-embed-aspect-16-9 wp-has-aspect-ratio"><div class="wp-block-embed__wrapper">
<iframe loading="lazy" title="COMO DESCALÇAR ESSA BOTA - BEK E OS TIOZÃO" width="1170" height="658" src="https://www.youtube.com/embed/2QxZxxrZo9o?feature=oembed" frameborder="0" allow="accelerometer; autoplay; clipboard-write; encrypted-media; gyroscope; picture-in-picture; web-share" allowfullscreen></iframe>
</div></figure>


<div class="is-default-size aligncenter wp-block-site-logo"><a href="https://omestudios.pt/" class="custom-logo-link" rel="home"><img loading="lazy" decoding="async" width="240" height="48" src="https://omestudios.pt/wp-content/uploads/2021/09/cropped-cropped-OMNOVO.png" class="custom-logo" alt="OM ESTÚDIOS" /></a></div>


<p>Produção integral do VideoClip (Portugal na Primavera) para o artista Dinis Brites</p>



<figure class="wp-block-embed is-type-video is-provider-youtube wp-block-embed-youtube wp-embed-aspect-16-9 wp-has-aspect-ratio"><div class="wp-block-embed__wrapper">
<iframe loading="lazy" title="Dinis Brites - Portugal Na Primavera" width="1170" height="658" src="https://www.youtube.com/embed/weKOzVbiAP4?feature=oembed" frameborder="0" allow="accelerometer; autoplay; clipboard-write; encrypted-media; gyroscope; picture-in-picture; web-share" allowfullscreen></iframe>
</div></figure>


<div class="is-default-size aligncenter wp-block-site-logo"><a href="https://omestudios.pt/" class="custom-logo-link" rel="home"><img loading="lazy" decoding="async" width="240" height="48" src="https://omestudios.pt/wp-content/uploads/2021/09/cropped-cropped-OMNOVO.png" class="custom-logo" alt="OM ESTÚDIOS" /></a></div>


<p>Produção integral do VideoClip (Tua Luz Me Guia) para a artista Cláudia Nayara para a editora Espacial / Layjan</p>



<figure class="wp-block-embed is-type-video is-provider-youtube wp-block-embed-youtube wp-embed-aspect-16-9 wp-has-aspect-ratio"><div class="wp-block-embed__wrapper">
<iframe loading="lazy" title="Cláudia Nayara - Tua luz me guia (Official video)" width="1170" height="658" src="https://www.youtube.com/embed/UXO_cdig4So?feature=oembed" frameborder="0" allow="accelerometer; autoplay; clipboard-write; encrypted-media; gyroscope; picture-in-picture; web-share" allowfullscreen></iframe>
</div></figure>


<div class="is-default-size aligncenter wp-block-site-logo"><a href="https://omestudios.pt/" class="custom-logo-link" rel="home"><img loading="lazy" decoding="async" width="240" height="48" src="https://omestudios.pt/wp-content/uploads/2021/09/cropped-cropped-OMNOVO.png" class="custom-logo" alt="OM ESTÚDIOS" /></a></div>


<p>Para o artista Dinis Brites, produção integral do seu VideoClip de Natal (Tempo de Luz), gravado em Leiria.</p>



<figure class="wp-block-embed is-type-video is-provider-youtube wp-block-embed-youtube wp-embed-aspect-16-9 wp-has-aspect-ratio"><div class="wp-block-embed__wrapper">
<iframe loading="lazy" title="Dinis Brites - Tempo de Luz" width="1170" height="658" src="https://www.youtube.com/embed/0zGOlpAcEu8?feature=oembed" frameborder="0" allow="accelerometer; autoplay; clipboard-write; encrypted-media; gyroscope; picture-in-picture; web-share" allowfullscreen></iframe>
</div></figure>


<div class="is-default-size aligncenter wp-block-site-logo"><a href="https://omestudios.pt/" class="custom-logo-link" rel="home"><img loading="lazy" decoding="async" width="240" height="48" src="https://omestudios.pt/wp-content/uploads/2021/09/cropped-cropped-OMNOVO.png" class="custom-logo" alt="OM ESTÚDIOS" /></a></div>


<p>Produção integral do VideoClip (Leva-me Contigo) do artista Luis Gomez para a editora Espacial / Layjan</p>



<figure class="wp-block-embed is-type-video is-provider-youtube wp-block-embed-youtube wp-embed-aspect-16-9 wp-has-aspect-ratio"><div class="wp-block-embed__wrapper">
<iframe loading="lazy" title="Luís Gomez - Leva-me contigo (Official video)" width="1170" height="658" src="https://www.youtube.com/embed/qWBhAWpbGEI?feature=oembed" frameborder="0" allow="accelerometer; autoplay; clipboard-write; encrypted-media; gyroscope; picture-in-picture; web-share" allowfullscreen></iframe>
</div></figure>

<p>Conheça alguns dos nossos trabalhos realizados em vídeo, nas mais diversas áreas, seja musical, empresarial ou autarquica. Produção integral do VideoClip &#8220;Caixa de Sapatos&#8221; da dupla Bek &amp; Dad para a editora Mundial Produção integral do VideoClip &#8220;RUA&#8221; de Márcio Conforti para a editora Mundial Produção integral do VideoClip &#8220;Amanhã Talvez&#8221; da dupla Bek &amp; [&hellip;]</p>
